n**2 + 2*n - 19. Suppose 9*t = 200 - 146. Determine q(t).
-7
Let b be (1 - 0 - 11) + 0. Let i(h) = -h - 4. Let x be i(b). Let v(y) = -y + 0*y + x + 3*y - 3. Determine v(-6).
-9
Let h be 1*(-1 + 5 + -4). Let r(m) = 13 + 37*m**2 + h*m**3 - 36*m**2 + m**3. Give r(0).
13
Let k be (-32)/2 - 9/(6/(-2)). Suppose -5*x - 4 = 41. Let r = x - k. Let f(j) = -3*j. Calculate f(r).
-12
Let j be (-550)/(-40) - (-1)/4. Suppose 6 = 5*t - j. Let z(n) = -16*n**2 - n + 20. Let l(r) = 3*r**2 - 4. Let s(x) = 11*l(x) + 2*z(x). What is s(t)?
4
Let d be (11 + -14)*1*-1*1. Let z(o) = o**2 - 4*o. Calculate z(d).
-3
Let z be -3*(3/(-9) + (-8)/6). Let s(a) be the first derivative of -a**5/120 + a**4/8 - a**3/3 - 2. Let i(c) be the third derivative of s(c). Give i(z).
-2
Let n(z) be the second derivative of 10*z + 0 + 1/6*z**3 - 1/12*z**4 - z**2 + 1/20*z**5. Calculate n(0).
-2
Let p(b) = -12*b - 1. Let j be 4*((2 - 4/(-16)) + -2). Give p(j).
-13
Let q(y) = y**2 - 10*y + 9. Let b be (-4)/6*63/(-6). Determine q(b).
-12
Let l(y) be the third derivative of y**4/24 - y**3/3 + y**2 - 4*y. Suppose -a - 1 + 21 = 5*z, -5*a = z - 4. Determine l(a).
-2
Let i(q) be the first derivative of q**4/4 + q**3/3 + q**2/2 + 196. Let a = -10 + 2. Let l = 6 + a. Calculate i(l).
-6
Let f(y) = 18*y**2 - 4*y. Let d(g) = -18*g**2 + 3*g. Let r(s) = 4*d(s) + 3*f(s). Give r(-1).
-18
Let z(k) = k + 1. Let h(p) = -7*p - 10. Let d(c) = -h(c) - 5*z(c). Let o be d(-8). Let i(q) = q**2 + 9*q - 15. Let n be i(o). Let l(a) = -a + 5. Determine l(n).
-2
Let n(t) be the third derivative of t**4/12 - 4*t**3/3 + 94*t**2. What is n(7)?
6
Let f(w) = -w**2 + w + 6. Suppose -12*r + 16*r - 20 = 0. Calculate f(r).
-14
Let u(a) be the second derivative of a**4/12 - a**3/3 + a**2/2 - a. Suppose -3*b = -4*o + 15, -2*o - 10*b + 9 = -13*b. Determine u(o).
4
Let u(j) = 1. Suppose 4*r - 36 = r. Suppose 2*p + 4*v = -r, -11 = 5*p + 4*v + 19. Let g(w) = 2*w + 10. Let y(o) = p*u(o) + g(o). Give y(-4).
-4
Let x(d) = 0 - 3*d + 6 - d**3 - 8*d**3 - 2 + 8*d**3. What is x(0)?
4
Let t(c) = -c**3 + 5*c**2 + 6. Suppose -4*l = j - 19, 0 = 4*l - 4*j - 14 - 30. Determine t(l).
-30
Let h(t) = -3*t**3 - 35*t**2 - 46*t + 42. Let d(j) = -2*j**3 - 18*j**2 - 24*j + 19. Let s(p) = 5*d(p) - 3*h(p). What is s(16)?
1
Let h(v) = -v - 1. Suppose -k = 5*u - 49, -3*k = -2*u + k + 2. Let l = -12 + u. Let j = 8 + l. What is h(j)?
-6
Suppose -4*p - 48 = 2*j - 162, 0 = -5*p + 4*j + 149. Let h = p - 21. Let g = h + -5. Let q(x) = -x**3 + 4*x**2 - x. Give q(g).
6
Let l(o) = o**2 + o - 2. Suppose 5*q + 9 = z + 25, -2*z - 2*q + 16 = 0. Suppose 0*m - 3*y + 3 = -2*m, -z*m - 2*y = -18. Determine l(m).
10
Let c(y) be the third derivative of y**6/15 - y**5/60 + y**3/6 + y**2 + 1. Calculate c(-1).
-8
Let p be (0 + 12)*13/39. Suppose p*j - 3 = j. Let n(u) = -2 + j - u**2 + 0. Determine n(3).
-10
Let n = 15 + -10. Suppose 0 = s + 3*i - n + 2, -5*s - 13 = i. Let v(g) = -39 + 44*g - 45*g + 35. What is v(s)?
-1
Let r(s) be the third derivative of 1/3*s**3 + 4*s**2 + 0*s + 0 + 5/24*s**4. Let l be (-3 + 3 + -3)/(-3 + 2). Give r(l).
17
Let s(v) = 4 - v - 5 + 3 - 3. Suppose -i + 3*w + 1 = 0, -i + 7 = i - w. Suppose -6*b = -i*b. What is s(b)?
-1
Let w(m) = 2*m + 3. Let f be ((-48)/9 + 1)/((-9)/27). Let k = -5 - -10. Suppose -4*r = f - k. Determine w(r).
-1
Let a(b) = 9*b**3 + 7 - 10*b**3 + 2*b**3 + 7*b**2 + 1 + 8*b. Give a(-6).
-4
Suppose 46*j - 14 = 48*j. Let s(y) = -2*y - 16. Give s(j).
-2
Let i be (-30)/(-70) - 258/14. Let r be 6/i + 10/3. Let a be 5 + -3 - (0 + r). Let b(u) = 6*u**2 + 2*u + 1. What is b(a)?
5
Let o(f) = -2*f + 242*f**2 - 4 - f**3 + 9 - 237*f**2. Suppose 2 = m - 3. Determine o(m).
-5
Let n be -4*(-9)/12 + -3. Suppose 2*z = 2*t + 8, n = -5*z + 3*t - 5*t - 15. Let h(k) = -5*k**2. Calculate h(z).
-5
Let g(r) = 2*r + 1. Let h = -16 - -32. Suppose 9*x + x = -120. Let z = h + x. Give g(z).
9
Let y(c) be the second derivative of c**5/20 - c**4 - 11*c**3/6 - 15*c**2/2 + 423*c - 1. Give y(13).
11
Let u(t) be the second derivative of t**4/12 + 5*t**3/6 + 2*t**2 + 91*t. Give u(-4).
0
Let i(f) be the first derivative of 3*f**2 + 4*f + 1. Let v(u) = u**3 - 19*u**2 + 22*u - 69. Let l be v(18). Give i(l).
22
Let a(d) be the second derivative of d**3/6 + 64*d. Suppose j + 3*l + 2*l - 25 = 0, -15 = j - 5*l. Let t(g) = 2*g - 1. Let m(n) = j*a(n) - t(n). Give m(-1).
-2
Suppose -o + 9 = 3*y, -2*y - 2 + 4 = 0. Let j(b) = b**2 - 8*b - 8. Let m be j(9). Let h(n) = -1 + m - 1 + o*n**2 + n**3. Determine h(-6).
-1
Let c = 29 + -22. Suppose -w + 24 = -c*w. Let f(j) = j**3 + 4*j**2 + 2. Calculate f(w).
2
Let h(m) = 2 - 2*m + 3*m**2 + 3*m**2 + m + m**2 - 6*m**2. Give h(0).
2
Let w = 103 + -55. Suppose 3*t - 11*t = -w. Let q(h) be the second derivative of -h**4/12 + h**3 - 5*h**2/2 - 2*h. Give q(t).
-5
Let m(g) = -2*g + 21. Let c be m(8). Suppose 0*x + x - 31 = c*f, -19 = 5*f - 4*x. Let r(v) = v**3 + 7*v**2 - 2*v - 8. What is r(f)?
6
Let r(d) = 5*d + 12. Let m be 3*((-12)/(-27) - 0)*-3. Let l(j) = j + 1. Let q(a) = m*l(a) + r(a). Give q(-5).
3
Let k(f) = 32*f - 12*f - 4*f - 9*f + 21 - 10*f. Determine k(6).
3
Suppose 2*w + w = -18. Let g(n) = -n**3 - 31*n**2 - 4*n - 13. Let q(p) = 3*p**3 + 89*p**2 + 13*p + 38. Let s(l) = -17*g(l) - 6*q(l). Give s(w).
17
Let f(t) be the third derivative of -7*t**6/60 - t**5/30 - t**4/12 - t**3/6 + 31*t**2 + 3*t. Give f(-1).
13
Suppose -16*u - 176 = 6*u. Let b(g) = g**2 + 9*g - 5. Determine b(u).
-13
Let k(s) = 16*s + 3. Let j(n) = 8*n + 1. Let o(t) = 5*j(t) - 2*k(t). Determine o(2).
15
Let h(q) = -q + 11. Let i(p) = p**2 + 1. Let a be i(-1). Let z be ((-2)/(a/5))/(-1). Give h(z).
6
Let b(r) = 12*r. Let z be 6/4 - (-48)/32. Suppose z = -4*n + 23, 0 = 4*q + 2*n - 14. Give b(q).
12
Let s(w) be the second derivative of 3*w**5/20 + w**4/6 + w**3/3 + w**2/2 - 16*w. Let u = -25 + 13. Let z be (1 - 0)/(11 + u). Give s(z).
-2
Suppose -117 = -10*g - 17. Suppose 3*u - 11 - g = 0. Let z(s) = s - 9. Give z(u).
-2
Let m(z) = -3*z**2 + 27*z - 31. Let h(b) = -b**2 + 9*b - 10. Let q(c) = -7*h(c) + 2*m(c). Calculate q(7).
-6
Let v(w) be the second derivative of 45*w + 0 - 5/2*w**2 - 1/2*w**3. Let i = 1 - 5. Give v(i).
7
Let j(k) = k**2 + 5*k - 2. Let w(m) = -m**3 + 2*m**2 + 5*m + 7. Let c be w(4). Give j(c).
-2
Suppose a - 17 = -5*w + 20, 39 = 5*w + 2*a. Let y(p) be the second derivative of 0 - w*p - p**3 + 1/3*p**4 - 1/2*p**2 + 1/20*p**5. Calculate y(-5).
4
Let d(l) = -3*l + 112. Let w be d(0). Let k = -107 + w. Let c(o) = o**2 - 7*o - 6. Calculate c(k).
-16
Let v(o) = 3097*o + o**2 - 3105*o + 0*o**2 - 3. Determine v(11).
30
Let h be 32/(-24)*27*(-5)/(-30). Let d(u) be the second derivative of u**4/12 + u**3 + 2*u**2 - u. Determine d(h).
4
Let k(u) be the third derivative of -u**5/60 + 5*u**4/24 - 5*u**3/6 - 2*u**2 + 618. Let d(y) = 3*y**2 + 2*y - 1. Let a be d(1). Calculate k(a).
-1
Let w(m) = 4*m**2 + 4*m - 1. Let j be (-12)/(-2)*(-9)/18. Calculate w(j).
23
Let k(m) = -3*m + 5. Suppose -3*i = -5*y - 1, i - 4 = y - 3*y. Let l be k(i). Let b(a) = -7*a**3 + 1. Calculate b(l).
8
Let t(f) = 609*f**2 + 3 + 613*f**2 - 5*f - 1223*f**2. Let q be 1/2 + 18/(-4). Give t(q).
7
Let z(i) = 2*i**2 - 1. Suppose 0 = -3*s - 5*h - 143, 4*s + 0*h - h = -229. Let y = 59 + s. Give z(y).
17
Let l = -27 + 35. Let a(g) be the first derivative of -g**4/4 + 3*g**3 - 9*g**2/2 + 3*g + 1. Let n be a(l). Let v(o) = o**2 + 6*o - 4. Calculate v(n).
-9
Suppose 3 = -3*x - 3*j, 3*x - j + 17 = x. Let a(v) be the second derivative of v**3 + 1/12*v**4 - 16*v - v**2 - 2. Calculate a(x).
-2
Suppose 3 = -4*s + 11. Let r(c) = c**2 + c + 18. Let n(l) = 2*l**2 + 3*l + 44. Let m(a) = -2*n(a) + 5*r(a). What is m(s)?
4
Let k(t) = -t**2 + 9*t - 20. Let i be ((-35)/15 + 4)/((-40)/(-192)). Calculate k(i).
-12
Let s(o) be the first derivative of o**3/3 + 11*o**2/2 - 5*o - 169. Give s(-12).
7
Let w(g) = 15*g**3 - 5*g**2 - 5*g + 5. Let s(a) = 7*a**3 - 2*a**2 - 2*a + 2. Let h(p) = -5*s(p) + 2*w(p). Suppose 0*n + 8 = 4*n. Suppose z = -z - n. Give h(z).
5
Let k(z) be the third derivative of z**4/6 - 2*z**3/3 - 22*z**2. Determine k(-4).
-20
Let v be 1 + ((-4)/12 - 21/(-9)). Let y(t) = -2 - 7*t**3 + 0*t**2 + 2*t**v + 3*t**2 + 4*t**3 - 2*t. Give y(2).
-2
Let l(y) = 6*y - 40. Let t be l(5). Let a(q) = q**3 + 10*q**2 - q - 6. Let c